 = -2*b**2 - 3 + 18*b - 20*b + b**2 + 3*b**2. Let d be n(3). What are the prime factors of (-5)/(-15) - (-123)/d?
2, 7
Let b(o) = -o**3 + 14*o**2 + 7*o - 22. List the prime factors of b(11).
2, 11, 19
Suppose -3*z + 1916 + 766 = 3*i, 0 = -5*z. What are the prime factors of i?
2, 3, 149
Let g(k) = k + 16. Let t be g(-12). Suppose t = -0*s + 2*s. Suppose 0 = -3*h - s*h + 115. List the prime factors of h.
23
Let f be (22/(-33))/((-2)/18). Let q(n) be the first derivative of 2*n**2 + 11*n + 1. What are the prime factors of q(f)?
5, 7
Let i(y) = 225*y**2 - 48*y - 136. List the prime factors of i(-3).
19, 107
Let w(y) = y + 6. Let r be w(-9). Let z(v) = -33*v. List the prime factors of z(r).
3, 11
Let m = 118 - 101. Suppose -22*w + m*w + 425 = 0. List the prime factors of w.
5, 17
Suppose 6*w - w - 10 = 0. Suppose 4*z + 3*f = 29, 2*z - 4*f = -0*f - w. Suppose -o + 105 = z*k - 56, 0 = 3*k + 4*o - 100. List the prime factors of k.
2
Let t = 0 + -4. Let n be 2/((-10)/t - 2). Suppose 0 = -l + n + 29. What are the prime factors of l?
3, 11
Let t(q) = 77*q + 42. Let z be t(16). Suppose 0 = -4*d + z - 314. List the prime factors of d.
2, 3, 5
Suppose 0 = -w + 4*q + 478, 2*w - 1900 = -2*w + 4*q. Suppose 5*d - 1 = w. List the prime factors of d.
5, 19
Let b = -223 - -540. List the prime factors of b.
317
Let a = 51 - -185. List the prime factors of a.
2, 59
Suppose -t - 5*l - 95 = -6*t, 0 = -5*t + 2*l + 110. Suppose 2*b + 8 = 2*a, -5 = 2*a + 2*b - 17. Suppose -a*x - t = -8*x. List the prime factors of x.
2
Let f(c) = 3*c**2 - 26*c - 262. List the prime factors of f(26).
2, 5, 109
Let f be 4 - -1*(0 - (3 + 0)). Let r(w) = 26*w**2 - 2*w. List the prime factors of r(f).
2, 3
Suppose -25*k = -37*k - 288. Let j = -86 - -120. Let q = j + k. What are the prime factors of q?
2, 5
Let n = 4 - 6. Suppose 2*p - 595 = 5*o, -604 = 3*p - 5*p + 2*o. List the prime factors of (-3)/n - p/(-10).
2
Let y(i) = 4*i - 10. Let o be y(3). List the prime factors of (17/o)/((-6)/(-48)).
2, 17
Let m(p) = 17*p - 35. Let a be m(4). What are the prime factors of (a/(-22))/((-2)/28)?
3, 7
Let r(u) = -7*u - 2. Let a be r(-1). Suppose -a*g = -0*g + 3825. What are the prime factors of g/(-33) + 16/(-88)?
23
Suppose 4*d + 1362 - 4330 = -c, -2227 = -3*d - c. What are the prime factors of d?
3, 13, 19
Suppose v - 2*v = 0. Suppose 2*r - 122 = -5*s - v*r, 4*s + 4*r = 88. Let g = s - 12. List the prime factors of g.
2, 7
Let t(f) = -60*f**2 - 1. Let j be t(-2). Let x = -168 - j. List the prime factors of x.
73
Let o be 2/(-11) - 6/(-33). Suppose o = -3*g + 56 - 5. List the prime factors of g.
17
Let v = 27 + -43. Let n = v + 18. Suppose -7 = -q - n. List the prime factors of q.
5
Suppose -64*w - 27493 = -83*w. List the prime factors of w.
1447
Let j be 1/1*5 - 2. Suppose r - j*w = 5, -2*r + 2*w - 3*w = -45. Suppose -3*m + 56 = r. List the prime factors of m.
2, 3
Let x be 3/6*(9 + 1). Suppose -7*u + 98 = -x*u. What are the prime factors of u?
7
Let l = 0 + 32. Let z = -44 + l. Let h = z - -65. What are the prime factors of h?
53
Suppose 812 = 2*v + c - 3*c, c = 5*v - 2046. List the prime factors of v.
2, 5, 41
Let n(a) = 4 + 2 + 154*a**3 + 9*a - 163*a**3 + a**2. What are the prime factors of n(-3)?
3, 7, 11
Let c(l) = 24*l**2 + 23*l + 254. What are the prime factors of c(-11)?
5, 7, 83
Let j = 278 + 510. List the prime factors of j.
2, 197
What are the prime factors of 57195/18 - 21 - (-2)/4?
7, 11, 41
Suppose -7 = b - 1. Let o(r) = r**3 + 6*r**2 - 3*r - 3. Let w be o(b). List the prime factors of (w/(-6))/((-2)/4).
5
Suppose 15*c = 16*c + 13. Let u(b) be the first derivative of b**4/4 + 4*b**3 - 7*b**2 + 15*b + 6. List the prime factors of u(c).
2, 7
Suppose 4*t + 5*n = -1, t + 2*n + 9 = -n. Suppose -3*d = -x - 9, 0 = -4*x + 4*d - 3*d - 14. Let a = x + t. List the prime factors of a.
3
Let t(u) = 23*u**2 + 4*u - 1. What are the prime factors of t(-5)?
2, 277
Let q(u) = -3*u - u - u. Let j = 10 - 16. What are the prime factors of q(j)?
2, 3, 5
Suppose 5*q + 148608 = 41*q. What are the prime factors of q?
2, 3, 43
Let t(l) = -6 + 26*l**3 + 2*l + 5*l**2 + 4*l - 27*l**3. Let s be t(6). Let o(u) = 2*u**2 + 7*u - 3. What are the prime factors of o(s)?
3
Let n be 1 + (5*-6 - 1). Let y be -3*(1 - 0) - n. Let h = -12 + y. What are the prime factors of h?
3, 5
Let f(j) = j - 12. Let i be f(-15). Let b = i - -20. Let s = b + 14. List the prime factors of s.
7
Let b = -104 + 102. List the prime factors of 8/b - -272 - 0/3.
2, 67
Suppose -7*j + 20 = -2*j. Suppose 13 = j*y - 23. What are the prime factors of 48/y*(2 - -1)?
2
Let n = -16 - 10. Let c(f) = -13*f - 45. List the prime factors of c(n).
293
Suppose f - 4*q + 1 = 0, -f - 5*q + q = 17. Let z = f - -11. Suppose 5*w - 227 = -4*t, 3*t - z*w - 112 = 41. List the prime factors of t.
53
Let k(t) = 107*t**2 + 2*t - 1. Let c be k(1). Suppose 3*o = 75 + c. What are the prime factors of o?
61
Suppose y + 2*f = -f + 1871, 5*y + 2*f = 9368. List the prime factors of y.
2, 937
Let s(w) = w**2 + 13*w + 15. Let m be s(-12). Let u be (-68)/(-11) - (-6)/(-33). Suppose 51 = u*c - m*c. What are the prime factors of c?
17
Let q(s) = -7*s - 9. Suppose 3*f = 13 - 40. What are the prime factors of q(f)?
2, 3
Let q = -425 - -604. What are the prime factors of q?
179
Let z(q) = q**2 - q. Let g(h) = 2*h**2 + 8*h + 5. Let c(x) = -g(x) + 3*z(x). What are the prime factors of c(14)?
37
Let t be 4/(-6) + (-40)/(-60). Let w(z) = z**2 - 5*z + 2. Let k be w(5). Suppose -k*m + t = -4. What are the prime factors of m?
2
Let a(h) = 5*h**2 + 8*h + 32. List the prime factors of a(9).
509
What are the prime factors of (-4)/((-3)/13140*8)?
2, 3, 5, 73
Let m be (26/91)/(2/(-28)). Let t be 16/2 - (2 + 0). What are the prime factors of (4/m)/((-2)/t)?
3
Suppose -6*x - 13594 = -20*x. What are the prime factors of x?
971
List the prime factors of -1*(-3 + -3)*(-184)/(-48).
23
Suppose 16263 = -932*t + 941*t. List the prime factors of t.
13, 139
What are the prime factors of 7*2/(-3)*-99?
2, 3, 7, 11
Let h = -2 + 68. List the prime factors of h/4*-11*4/(-6).
11
Suppose 80 - 289 = i. Let q = -103 - i. What are the prime factors of q?
2, 53
Suppose -i - 4*a + 17 = 0, -i - 3*a = -4*i + 6. Suppose i*s + 72 = 307. What are the prime factors of s?
47
Let p(i) be the second derivative of i**5/20 + i**4/3 + i**3 - 5*i**2/2 - 4*i. Let z be p(-5). Let m = -42 - z. What are the prime factors of m?
2, 3
Suppose -o + 0 = -11. Suppose -20*y = -19*y - o. Suppose -140 = -y*g + 4*g. List the prime factors of g.
2, 5
Let z = -91 - -101. What are the prime factors of 55 + 7 + z/2?
67
Let h = -6 - -12. Suppose 0 = -4*t + h*t. Suppose 3*f = 27 - t. What are the prime factors of f?
3
Let v be 35/(-15)*-36*1. Suppose -108 - v = -3*x. Suppose -5*j + 1 = -x. List the prime factors of j.
13
Suppose 26 = -m + 5*u, -2*m - u + 66 = -6*m. List the prime factors of -123*(m/15 - (-2)/5).
2, 41
Suppose -k + 3564 = 4*t, -3*k + 561 = 3*t - 2121. Suppose t = 5*p - 3*p. What are the prime factors of p/40 + (-1)/8?
11
Let p(l) = l**2 + 21*l + 36. Let m be p(-18). List the prime factors of ((-9)/3)/(m/24) - -84.
2, 11
Suppose 6 = -0*j + j. List the prime factors of ((-1 - j)*6)/(8/(-8)).
2, 3, 7
Let r = 111 - 155. Let f = r + 63. Suppose -f*j = -20*j + 12. What are the prime factors of j?
2, 3
Let k be -87 + 9/((-18)/4). What are the prime factors of k/((2 + -3)*1)?
89
Let o(w) = -6*w**3 - 4*w**2 - 25*w - 104. List the prime factors of o(-6).
2, 599
Let n be ((-44)/33)/(4/(-15)). What are the prime factors of 10 + (-1 - n/5)?
2
Let n = 609 + -286. List the prime factors of n.
17, 19
Suppose -113 = -5*q + 3*p, 6*q + 3*p = q + 107. Suppose 0 = -4*m + 2*b + 9 + 83, -m + b = -q. What are the prime factors of m?
2, 3
Suppose 5*l + 3*a = 3712, 24*a + 12 = 27*a. List the prime factors of l.
2, 5, 37
Let o(t) = 12*t. Let k be o(-5). Let d = -1 - k. What are the prime factors of d?
59
Let v = 31 - 19. Let g be 2/((-6)/(v/4)). List the prime factors of ((-42)/70)/(g/5).
3
Let y be (3 - 0) + 115 + 1. Let m = 74 - y. What are the prime factors of 2/(-1) - (m - 9)?
2, 13
Let o(v) = 3*v + 14. Suppose 2*a = 3*y + 24, 4*y - 3*a = -6*a - 15. Let u be o(y). What are the prime factors of 20 + ((-4)/u - 0)?
3, 7
Let y be (-2)/6 + (-65)/3. List the pri